{"id":1346,"date":"2025-03-18T13:35:03","date_gmt":"2025-03-18T13:35:03","guid":{"rendered":"http:\/\/poolkim.com\/?page_id=1346"},"modified":"2026-02-05T10:00:37","modified_gmt":"2026-02-05T10:00:37","slug":"havuz-isi-pompalari","status":"publish","type":"page","link":"https:\/\/poolkim.com\/?page_id=1346","title":{"rendered":"Havuz Is\u0131 Pompalar\u0131"},"content":{"rendered":"\t\t<div data-elementor-type=\"wp-page\" data-elementor-id=\"1346\" class=\"elementor elementor-1346\">\n\t\t\t\t<div class=\"elementor-element elementor-element-bbfe5da e-flex e-con-boxed e-con e-parent\" data-id=\"bbfe5da\" data-element_type=\"container\" data-e-type=\"container\" data-settings=\"{&quot;background_background&quot;:&quot;slideshow&quot;,&quot;background_slideshow_gallery&quot;:[{&quot;id&quot;:1349,&quot;url&quot;:&quot;https:\\\/\\\/poolkim.com\\\/wp-content\\\/uploads\\\/2025\\\/03\\\/Isi-Pompasi.jpg&quot;},{&quot;id&quot;:1493,&quot;url&quot;:&quot;https:\\\/\\\/poolkim.com\\\/wp-content\\\/uploads\\\/2026\\\/02\\\/Isi-Pompasi.jpg&quot;}],&quot;background_slideshow_ken_burns&quot;:&quot;yes&quot;,&quot;background_slideshow_loop&quot;:&quot;yes&quot;,&quot;background_slideshow_slide_duration&quot;:5000,&quot;background_slideshow_slide_transition&quot;:&quot;fade&quot;,&quot;background_slideshow_transition_duration&quot;:500,&quot;background_slideshow_ken_burns_zoom_direction&quot;:&quot;in&quot;}\">\n\t\t\t\t\t<div class=\"e-con-inner\">\n\t\t\t\t<div class=\"elementor-element elementor-element-dac7c01 elementor-widget elementor-widget-heading\" data-id=\"dac7c01\" data-element_type=\"widget\" data-e-type=\"widget\" data-widget_type=\"heading.default\">\n\t\t\t\t<div class=\"elementor-widget-container\">\n\t\t\t\t\t<h2 class=\"elementor-heading-title elementor-size-default\">Havuz Is\u0131 Pompalar\u0131<\/h2>\t\t\t\t<\/div>\n\t\t\t\t<\/div>\n\t\t\t\t\t<\/div>\n\t\t\t\t<\/div>\n\t\t<div class=\"elementor-element elementor-element-666b4a63 e-flex e-con-boxed e-con e-parent\" data-id=\"666b4a63\" data-element_type=\"container\" data-e-type=\"container\" data-settings=\"{&quot;background_background&quot;:&quot;classic&quot;}\">\n\t\t\t\t\t<div class=\"e-con-inner\">\n\t\t<div class=\"elementor-element elementor-element-7eac3f9b e-con-full e-flex e-con e-child\" data-id=\"7eac3f9b\" data-element_type=\"container\" data-e-type=\"container\" data-settings=\"{&quot;background_background&quot;:&quot;classic&quot;}\">\n\t\t<div class=\"elementor-element elementor-element-2b66c61 e-con-full e-flex e-con e-child\" data-id=\"2b66c61\" data-element_type=\"container\" data-e-type=\"container\" data-settings=\"{&quot;background_background&quot;:&quot;classic&quot;}\">\n\t\t<div class=\"elementor-element elementor-element-38c29af e-con-full e-flex e-con e-child\" data-id=\"38c29af\" data-element_type=\"container\" data-e-type=\"container\">\n\t\t\t\t<div class=\"elementor-element elementor-element-c9b2270 elementor-widget elementor-widget-heading\" data-id=\"c9b2270\" data-element_type=\"widget\" data-e-type=\"widget\" data-widget_type=\"heading.default\">\n\t\t\t\t<div class=\"elementor-widget-container\">\n\t\t\t\t\t<h2 class=\"elementor-heading-title elementor-size-default\">Havuz Suyu Is\u0131tma<\/h2>\t\t\t\t<\/div>\n\t\t\t\t<\/div>\n\t\t\t\t<div class=\"elementor-element elementor-element-8b2df7e elementor-widget elementor-widget-text-editor\" data-id=\"8b2df7e\" data-element_type=\"widget\" data-e-type=\"widget\" data-widget_type=\"text-editor.default\">\n\t\t\t\t<div class=\"elementor-widget-container\">\n\t\t\t\t\t\t\t\t\t<p class=\"p3\">Havuz suyunu \u0131s\u0131tma konusunda bir\u00e7ok farkl\u0131 sistem ve se\u00e7enekten faydalan\u0131labilmektedir. Geleneksel olarak kullan\u0131lan y\u00f6ntemler havuz suyunu \u0131s\u0131tmada yararl\u0131 olsalar da \u00e7ok fazla enerji t\u00fcketmektedir. Ayn\u0131 zamanda bu sistemlerde suyun sirk\u00fclasyonu yeterli miktarda sa\u011flanamad\u0131\u011f\u0131 i\u00e7in havuzlarda \u00e7e\u015fitli bakteri ve mikroorganizmalar\u0131n \u00fcremesine yol a\u00e7maktad\u0131r. Bu durumda \u00e7e\u015fitli hastal\u0131klara yol a\u00e7abilmektedir.<\/p><p class=\"p5\">Geleneksel y\u00f6ntemler hem enerji harcamas\u0131 hem de sa\u011fl\u0131k a\u00e7\u0131s\u0131ndan verimsiz olmaktad\u0131r. Buna kar\u015f\u0131l\u0131k teknolojinin geli\u015fmesi ile ortaya \u00e7\u0131kan yeni nesil iklimlendirme elemanlar\u0131 sayesinde havuz suyu \u0131s\u0131tmada \u00e7ok az enerji t\u00fcketimi ile y\u00fcksek verimlilik sa\u011flanmaktad\u0131r. \u00dcstelik\u00a0<b>havuz i\u00e7in \u0131s\u0131 pompas\u0131<\/b>\u00a0olarak kullan\u0131lan bu sistemler s\u00fcrekli olarak su sirk\u00fclasyonu sa\u011flad\u0131klar\u0131 i\u00e7in \u00e7ok daha sa\u011fl\u0131kl\u0131 olmaktad\u0131rlar.<\/p>\t\t\t\t\t\t\t\t<\/div>\n\t\t\t\t<\/div>\n\t\t\t\t<div class=\"elementor-element elementor-element-2c79b28 elementor-widget__width-inherit elementor-widget elementor-widget-sina_content_slider\" data-id=\"2c79b28\" data-element_type=\"widget\" data-e-type=\"widget\" data-widget_type=\"sina_content_slider.default\">\n\t\t\t\t<div class=\"elementor-widget-container\">\n\t\t\t\t\t\t\t<div class=\"sina-content-slider owl-carousel\"\r\n\t\tdata-item-lg=\"3\"\r\n\t\tdata-item-md=\"2\"\r\n\t\tdata-item-sm=\"1\"\r\n\t\tdata-autoplay=\"yes\"\r\n\t\tdata-pause=\"yes\"\r\n\t\tdata-center=\"\"\r\n\t\tdata-slide-anim=\"\"\r\n\t\tdata-slide-anim-out=\"\"\r\n\t\tdata-nav=\"yes\"\r\n\t\tdata-dots=\"yes\"\r\n\t\tdata-mouse-drag=\"yes\"\r\n\t\tdata-touch-drag=\"yes\"\r\n\t\tdata-loop=\"yes\"\r\n\t\tdata-speed=\"500\"\r\n\t\tdata-delay=\"5000\">\r\n\r\n\t\t\t\t\t\t\t<div class=\"sina-cs-item elementor-repeater-item-7bcc11a\">\r\n\t\t\t\t\t\t\t\t\t\t\t\r\n\t\t\t\t\t\t\r\n\t\t\t\t\t\t\t\t\t\t\t\t\t\t\t<\/div>\r\n\t\t\t\t\t\t\t<div class=\"sina-cs-item elementor-repeater-item-8c991b0\">\r\n\t\t\t\t\t\t\t\t\t\t\t\r\n\t\t\t\t\t\t\r\n\t\t\t\t\t\t\t\t\t\t\t\t\t<div class=\"sina-cs-desc\">Lorem ipsum dolor sit amet, <\/div>\t\t\t\t\t\t\t\t\t\t\t\t\t\t\t<\/div>\r\n\t\t\t\t\t\t\t<div class=\"sina-cs-item elementor-repeater-item-091abbf\">\r\n\t\t\t\t\t\t\t\t\t\t\t\r\n\t\t\t\t\t\t\r\n\t\t\t\t\t\t\t\t\t\t\t\t\t\t\t<\/div>\r\n\t\t\t\r\n\t\t<\/div><!-- .sina-content-slider -->\r\n\t\t\t\t\t\t<\/div>\n\t\t\t\t<\/div>\n\t\t\t\t<div class=\"elementor-element elementor-element-68df759 elementor-widget elementor-widget-text-editor\" data-id=\"68df759\" data-element_type=\"widget\" data-e-type=\"widget\" data-widget_type=\"text-editor.default\">\n\t\t\t\t<div class=\"elementor-widget-container\">\n\t\t\t\t\t\t\t\t\t<h4 class=\"p1\" style=\"text-align: center;\"><b>Havuz Is\u0131 Pompalar\u0131 \u00c7e\u015fitleri ve Faydalar\u0131<\/b><\/h4><p class=\"p2\">Havuz \u00f6zellikle yaz aylar\u0131nda hem serinlemek hem de rahatlamak i\u00e7in kullan\u0131lan bir \u015feydir. Yaz aylar\u0131nda her ne kadar hava s\u0131cakl\u0131klar\u0131na ba\u011fl\u0131 havuz suyu \u0131s\u0131n\u0131yor olsa da baz\u0131 zamanlarda suyun istenilecek d\u00fczeye ula\u015famamas\u0131 \u00f6zellikle a\u00e7\u0131k havuzlarda keyif ka\u00e7\u0131r\u0131c\u0131 olabilmektedir. K\u0131\u015f aylar\u0131nda ya da yaz aylar\u0131nda her zaman havuzu keyif ile kullanabilmek i\u00e7in ise\u00a0<b>havuz \u0131s\u0131tma sistemleri<\/b>\u00a0kullan\u0131labilmektedir.<\/p><p class=\"p2\"><b>Havuz \u0131s\u0131tma\u00a0<\/b>sistemleri sayesinde her zaman havuzlar\u0131n\u0131z\u0131 b\u00fcy\u00fck bir keyif ile kullanabilirsiniz. \u0130ster yaz aylar\u0131nda isterseniz de k\u0131\u015f aylar\u0131nda kullanabilece\u011finiz bu sistemler sayesinde havuzunuzun su s\u0131cakl\u0131\u011f\u0131 her zaman keyif yapman\u0131za m\u00fcsaade edecek d\u00fczeyde olacakt\u0131r.<\/p><p class=\"p3\">Havuzlar i\u00e7in \u00f6zel \u00fcretilen bu ekipmanlar sayesinde havuz suyunuzun s\u0131cakl\u0131\u011f\u0131n\u0131 ve havuz suyu de\u011ferlerinizi diledi\u011finiz zaman g\u00f6rebilir b\u00f6ylelikle su s\u0131cakl\u0131\u011f\u0131 gibi durumlar\u0131 rahat bir \u015fekilde ayarlayabilirsiniz.<\/p><h4 class=\"p4\" style=\"text-align: center;\"><b>Havuz Is\u0131 Pompas\u0131<\/b><\/h4><p class=\"p3\">Is\u0131 pompas\u0131 ortamda bulunan hava, su ve toprak gibi elementlerden beslenerek havuzun \u0131s\u0131nmas\u0131, temizlenmesi ve havaland\u0131rmas\u0131 gibi i\u015flemleri do\u011faya ve havuza zarar vermeden yerine getirmektedir. \u00c7al\u0131\u015fma sisteminde yer alan \u00f6zel e\u015fan\u015f\u00f6r sistemi ile havuz \u0131s\u0131 pompalar\u0131 ortamda yer alan k\u00fc\u00e7\u00fck miktardaki enerjileri kullanarak havuzun suyunun \u0131s\u0131nmas\u0131 ve so\u011fumas\u0131n\u0131 sa\u011flamaktad\u0131r.<\/p><p class=\"p2\"><b>Havuz \u0131s\u0131 pompas\u0131<\/b>\u00a0ayn\u0131 zamanda havuzlarda kolayca \u00fcreyebilen mikrop ve bakterilerin \u00fcreme ortamlar\u0131n\u0131n olu\u015fmamas\u0131 i\u00e7in s\u00fcrekli olarak sirk\u00fclasyon yap\u0131lmas\u0131n\u0131 sa\u011flamaktad\u0131r.\u00a0<b>Havuz \u0131s\u0131tma pompas\u0131\u00a0<\/b>olarak kullan\u0131lan cihazlar ihtiya\u00e7 duyduklar\u0131 enerjinin b\u00fcy\u00fck bir b\u00f6l\u00fcm\u00fcn\u00fc ortamdaki havadan sa\u011flamaktad\u0131r.<\/p><p class=\"p3\">Gerek havuz i\u015fletmecileri gerek se evlerde kullan\u0131lan bireysel havuz sistemi sahipleri i\u00e7in \u0131s\u0131 pompalar\u0131 ciddi miktarda tasarruf sa\u011flamaktad\u0131r. Havuz \u0131s\u0131 pompalar\u0131 ihtiya\u00e7 duyduklar\u0131 enerjinin %75 ini ortamdaki havadan al\u0131rken sadece % 25\u2019lik k\u0131sm\u0131n\u0131 elektrikten kar\u015f\u0131lamaktad\u0131r. Fosil yak\u0131t kullan\u0131lmamas\u0131 ve d\u00fc\u015f\u00fck enerji t\u00fcketimi sayesinde hem do\u011faya hem de cebinizi korumaktad\u0131rlar.<\/p><h4 class=\"p4\" style=\"text-align: center;\"><b>Havuz Is\u0131 Pompas\u0131 \u00c7e\u015fitleri<\/b><\/h4><p class=\"p3\">Havuz suyu \u0131s\u0131tmak amac\u0131 ile kullan\u0131lan \u0131s\u0131tma pompalar\u0131 i\u00e7in bir\u00e7ok farkl\u0131 se\u00e7enek ve farkl\u0131 \u00e7e\u015fitleri bulunmaktad\u0131r. Havuz suyu \u0131s\u0131tma pompalar\u0131 havuzun kulan\u0131m amac\u0131na g\u00f6re farkl\u0131 \u00e7e\u015fitlerde kullan\u0131lmaktad\u0131r. \u00d6zel \u0131s\u0131tma ekipmanlar\u0131 sayesinde havuzunuzu daha uzun s\u00fcre kullanabilece\u011finiz gibi havuzunun daha sa\u011fl\u0131kl\u0131 olmas\u0131n\u0131 da sa\u011flam\u0131\u015f olursunuz.<\/p><p class=\"p3\">Havuz \u0131s\u0131 pompas\u0131 uygulamalar\u0131nda Beyaz M\u00fchendislik olarak havuzunuzun b\u00fcy\u00fckl\u00fc\u011f\u00fcne ve ihtiya\u00e7lar\u0131na g\u00f6re en uygun \u0131s\u0131tma elemanlar\u0131n\u0131z\u0131 kullanman\u0131z\u0131 sa\u011flamaktay\u0131z. Kullanm\u0131\u015f oldu\u011fumuz \u00fcr\u00fcnler sayesinde y\u00fcksek verimlilik ve maksimum seviyede tasarruf sa\u011flayabilirsiniz.<\/p><p class=\"p5\"><b>Havuz suyu \u0131s\u0131tma \u0131s\u0131 pompas\u0131 fiyatlar\u0131<\/b> kullan\u0131lacak olan cihaza ve havuzun \u00e7e\u015fidine g\u00f6re de\u011fi\u015fim g\u00f6stermektedir. Beyaz M\u00fchendislik olarak havuzlar\u0131n\u0131z i\u00e7in en verimli ve tasarruflu ekipmanlar\u0131 en uygun fiyata bulman\u0131za yard\u0131mc\u0131 olmaktay\u0131z.<\/p>\t\t\t\t\t\t\t\t<\/div>\n\t\t\t\t<\/div>\n\t\t\t\t<\/div>\n\t\t\t\t<\/div>\n\t\t\t\t<div class=\"elementor-element elementor-element-53c0dd2 elementor-widget elementor-widget-sina_dynamic_button\" data-id=\"53c0dd2\" data-element_type=\"widget\" data-e-type=\"widget\" data-widget_type=\"sina_dynamic_button.default\">\n\t\t\t\t<div class=\"elementor-widget-container\">\n\t\t\t\t\t\t\t<div class=\"sina-dynamic-button\">\r\n\t\t\t<a  class=\"sina-dynamic-btn   \" href=\"https:\/\/poolkim.com\/?page_id=411\"\r\n\t\t\t\t\t\t\t\t\t\t\t\t>\r\n\t\t\t\t\t\t\tDETAYLI B\u0130LG\u0130 \u0130\u00c7\u0130N B\u0130Z\u0130MLE \u0130LET\u0130\u015e\u0130ME GE\u00c7\u0130N\t\t\t\t\t<\/a>\r\n\t\t<\/div><!-- .sina-dynamic-button -->\r\n\t\t\t\t\t\t<\/div>\n\t\t\t\t<\/div>\n\t\t\t\t<\/div>\n\t\t\t\t\t<\/div>\n\t\t\t\t<\/div>\n\t\t<div class=\"elementor-element elementor-element-b622ff6 e-flex e-con-boxed e-con e-parent\" data-id=\"b622ff6\" data-element_type=\"container\" data-e-type=\"container\" data-settings=\"{&quot;background_background&quot;:&quot;classic&quot;,&quot;shape_divider_bottom&quot;:&quot;mountains&quot;}\">\n\t\t\t\t\t<div class=\"e-con-inner\">\n\t\t\t\t<div class=\"elementor-shape elementor-shape-bottom\" aria-hidden=\"true\" data-negative=\"false\">\n\t\t\t<svg xmlns=\"http:\/\/www.w3.org\/2000\/svg\" viewBox=\"0 0 1000 100\" preserveAspectRatio=\"none\">\n\t<path class=\"elementor-shape-fill\" opacity=\"0.33\" d=\"M473,67.3c-203.9,88.3-263.1-34-320.3,0C66,119.1,0,59.7,0,59.7V0h1000v59.7 c0,0-62.1,26.1-94.9,29.3c-32.8,3.3-62.8-12.3-75.8-22.1C806,49.6,745.3,8.7,694.9,4.7S492.4,59,473,67.3z\"\/>\n\t<path class=\"elementor-shape-fill\" opacity=\"0.66\" d=\"M734,67.3c-45.5,0-77.2-23.2-129.1-39.1c-28.6-8.7-150.3-10.1-254,39.1 s-91.7-34.4-149.2,0C115.7,118.3,0,39.8,0,39.8V0h1000v36.5c0,0-28.2-18.5-92.1-18.5C810.2,18.1,775.7,67.3,734,67.3z\"\/>\n\t<path class=\"elementor-shape-fill\" d=\"M766.1,28.9c-200-57.5-266,65.5-395.1,19.5C242,1.8,242,5.4,184.8,20.6C128,35.8,132.3,44.9,89.9,52.5C28.6,63.7,0,0,0,0 h1000c0,0-9.9,40.9-83.6,48.1S829.6,47,766.1,28.9z\"\/>\n<\/svg>\t\t<\/div>\n\t\t<div class=\"elementor-element elementor-element-72092c2 e-con-full e-flex e-con e-child\" data-id=\"72092c2\" data-element_type=\"container\" data-e-type=\"container\">\n\t\t\t\t<div class=\"elementor-element elementor-element-5550492 elementor-widget__width-initial elementor-widget elementor-widget-heading\" data-id=\"5550492\" data-element_type=\"widget\" data-e-type=\"widget\" data-widget_type=\"heading.default\">\n\t\t\t\t<div class=\"elementor-widget-container\">\n\t\t\t\t\t<h2 class=\"elementor-heading-title elementor-size-default\">Diledi\u011finiz zaman destek i\u00e7in bizimle ileti\u015fime ge\u00e7ebilirsiniz!<\/h2>\t\t\t\t<\/div>\n\t\t\t\t<\/div>\n\t\t\t\t<\/div>\n\t\t\t\t\t<\/div>\n\t\t\t\t<\/div>\n\t\t\t\t<\/div>\n\t\t","protected":false},"excerpt":{"rendered":"<p>Havuz Is\u0131 Pompalar\u0131 Havuz Suyu Is\u0131tma Havuz suyunu \u0131s\u0131tma konusunda bir\u00e7ok farkl\u0131 sistem ve se\u00e7enekten faydalan\u0131labilmektedir. Geleneksel olarak kullan\u0131lan y\u00f6ntemler havuz suyunu \u0131s\u0131tmada yararl\u0131 olsalar da \u00e7ok fazla enerji t\u00fcketmektedir. Ayn\u0131 zamanda bu sistemlerde suyun sirk\u00fclasyonu yeterli miktarda sa\u011flanamad\u0131\u011f\u0131 i\u00e7in havuzlarda \u00e7e\u015fitli bakteri ve mikroorganizmalar\u0131n \u00fcremesine yol a\u00e7maktad\u0131r. Bu durumda \u00e7e\u015fitli hastal\u0131klara yol a\u00e7abilmektedir. Geleneksel&#8230;<\/p>\n","protected":false},"author":1,"featured_media":0,"parent":0,"menu_order":0,"comment_status":"closed","ping_status":"closed","template":"","meta":{"_kad_post_transparent":"","_kad_post_title":"hide","_kad_post_layout":"fullwidth","_kad_post_sidebar_id":"","_kad_post_content_style":"unboxed","_kad_post_vertical_padding":"hide","_kad_post_feature":"hide","_kad_post_feature_position":"","_kad_post_header":false,"_kad_post_footer":false,"_kad_post_classname":"","footnotes":""},"class_list":["post-1346","page","type-page","status-publish","hentry"],"_links":{"self":[{"href":"https:\/\/poolkim.com\/index.php?rest_route=\/wp\/v2\/pages\/1346","targetHints":{"allow":["GET"]}}],"collection":[{"href":"https:\/\/poolkim.com\/index.php?rest_route=\/wp\/v2\/pages"}],"about":[{"href":"https:\/\/poolkim.com\/index.php?rest_route=\/wp\/v2\/types\/page"}],"author":[{"embeddable":true,"href":"https:\/\/poolkim.com\/index.php?rest_route=\/wp\/v2\/users\/1"}],"replies":[{"embeddable":true,"href":"https:\/\/poolkim.com\/index.php?rest_route=%2Fwp%2Fv2%2Fcomments&post=1346"}],"version-history":[{"count":16,"href":"https:\/\/poolkim.com\/index.php?rest_route=\/wp\/v2\/pages\/1346\/revisions"}],"predecessor-version":[{"id":1497,"href":"https:\/\/poolkim.com\/index.php?rest_route=\/wp\/v2\/pages\/1346\/revisions\/1497"}],"wp:attachment":[{"href":"https:\/\/poolkim.com\/index.php?rest_route=%2Fwp%2Fv2%2Fmedia&parent=1346"}],"curies":[{"name":"wp","href":"https:\/\/api.w.org\/{rel}","templated":true}]}}